rue
Is 10073093 prime?
True
Is 130081711 a composite number?
True
Is 4107041 composite?
True
Is 250137287 prime?
True
Is 133171841 a prime number?
False
Is 564445517 a prime number?
True
Is 399189787 a prime number?
False
Is 5560619 a prime number?
False
Is 3046759 a prime number?
False
Is 292409951 a prime number?
False
Is 210519739 a composite number?
False
Is 1594619 composite?
True
Is 28629841 a prime number?
False
Is 2611789 prime?
False
Is 4828927 composite?
False
Is 9322217 a composite number?
True
Is 71380531 a prime number?
False
Is 22075157 composite?
True
Is 37358161 a composite number?
True
Is 8783557 composite?
False
Is 9238141 a prime number?
False
Is 146315185 composite?
True
Is 3562259 a composite number?
False
Is 13406521 a prime number?
False
Is 113498023 a composite number?
False
Is 164038429 prime?
True
Is 3895231 prime?
True
Is 10809041 prime?
False
Is 2127421 composite?
False
Is 3491407 a prime number?
False
Is 907909 prime?
True
Is 2429809 composite?
False
Is 27865241 composite?
False
Is 1542047 a prime number?
False
Is 1405589 a prime number?
False
Is 4603591 composite?
True
Is 6569371 a composite number?
False
Is 14680129 prime?
False
Is 26081807 a prime number?
False
Is 29990341 prime?
False
Is 5810731 prime?
True
Is 1925381 composite?
False
Is 1748557 composite?
True
Is 250439647 prime?
False
Is 9575239 composite?
False
Is 978499 a prime number?
False
Is 718895 a composite number?
True
Is 6845387 prime?
False
Is 139583 prime?
False
Is 20371781 prime?
False
Is 28467329 composite?
True
Is 366677 prime?
True
Is 247356233 prime?
False
Is 2505401 prime?
True
Is 3695633 composite?
True
Is 7539166 a prime number?
False
Is 7528099 a composite number?
True
Is 95598257 composite?
False
Is 98303123 composite?
True
Is 59876627 prime?
False
Is 10002277 composite?
False
Is 10759211 prime?
True
Is 896017 prime?
False
Is 1722097 a composite number?
True
Is 61233451 a composite number?
True
Is 120566777 a composite number?
True
Is 7955107 composite?
True
Is 6976063 a prime number?
False
Is 9685239 prime?
False
Is 23513293 composite?
False
Is 1100324869 a composite number?
True
Is 642151 composite?
False
Is 13862687 a composite number?
True
Is 4148945 prime?
False
Is 1533517 composite?
False
Is 156565349 composite?
True
Is 16426633 composite?
True
Is 130919 a composite number?
True
Is 41635813 composite?
False
Is 142459799 prime?
True
Is 18730469 composite?
False
Is 154443281 a prime number?
True
Is 3788881 a prime number?
False
Is 13994977 a composite number?
True
Is 41432681 composite?
True
Is 153171253 a prime number?
False
Is 22068011 a prime number?
False
Is 58832941 a prime number?
True
Is 41047141 a composite number?
False
Is 558939023 prime?
False
Is 182128018 prime?
False
Is 483968481 prime?
False
Is 430427399 a prime number?
True
Is 11923249 a composite number?
True
Is 1634923 prime?
True
Is 6259547 a composite number?
True
Is 901837 composite?
True
Is 766549 composite?
True
Is 39948509 composite?
False
Is 149501 composite?
True
Is 3968117 prime?
False
Is 4247 a composite number?
True
Is 3843619 a prime number?
False
Is 7489793 composite?
True
Is 17025011 composite?
True
Is 1084385 composite?
True
Is 232550403 a composite number?
True
Is 143852889 a composite number?
True
Is 276511577 a composite number?
False
Is 5660689 composite?
True
Is 41169431 prime?
True
Is 1000207919 a composite number?
False
Is 23296571 prime?
False
Is 1455983 prime?
True
Is 14440105 prime?
False
Is 1370573 composite?
False
Is 4505099 prime?
True
Is 502393 a prime number?
True
Is 8754199 composite?
False
Is 87157 a composite number?
True
Is 2993761 composite?
True
Is 2358991 prime?
True
Is 39439 a prime number?
True
Is 11240743 prime?
True
Is 98029847 a prime number?
True
Is 10022471 a prime number?
True
Is 15400277 composite?
False
Is 1584283 prime?
True
Is 13883263 a prime number?
False
Is 87958681 a composite number?
False
Is 1809193 a prime number?
True
Is 1563037 composite?
True
Is 3119615 a composite number?
True
Is 3771409 composite?
True
Is 26071753 prime?
True
Is 39192771 a composite number?
True
Is 1870021 a prime number?
True
Is 238585307 prime?
True
Is 343769143 a composite number?
True
Is 162332171 composite?
True
Is 139984199 a prime number?
True
Is 55588189 composite?
False
Is 153207643 composite?
False
Is 65266991 prime?
False
Is 298668893 a composite number?
False
Is 260527 a composite number?
False
Is 1320417611 prime?
True
Is 3300587 a composite number?
True
Is 22901 prime?
True
Is 5866591 prime?
True
Is 261944119 a prime number?
False
Is 941299 composite?
False
Is 643847 composite?
False
Is 63851311 composite?
False
Is 13463977 composite?
True
Is 122520127 composite?
False
Is 2448427 composite?
False
Is 41306813 a composite number?
False
Is 1258169047 a composite number?
False
Is 9219215 composite?
True
Is 2514651797 prime?
False
Is 12621209 composite?
True
Is 3392671 prime?
False
Is 51573 a prime number?
False
Is 16754737 a composite number?
False
Is 45409343 a composite number?
True
Is 4357903 a composite number?
True
Is 63413249 a composite number?
False
Is 222096967 composite?
False
Is 266671 composite?
False
Is 495489107 a prime number?
False
Is 249353999 composite?
False
Is 53136023 a prime number?
True
Is 2242481 a prime number?
False
Is 2633209 a composite number?
True
Is 7493 a composite number?
True
Is 161567 a composite number?
True
Is 2293301 composite?
False
Is 774581243 composite?
False
Is 620929 prime?
True
Is 436056259 a composite number?
False
Is 4137437 a composite number?
False
Is 23089279 composite?
True
Is 5781953 a prime number?
False
Is 3360641 a prime number?
False
Is 6505007 composite?
True
Is 385136369 a composite number?
True
Is 28113577 a composite number?
True
Is 696719 a prime number?
True
Is 52121021 composite?
False
Is 99242411 prime?
False
Is 430786501 a prime number?
True
Is 525911161 a composite number?
False
Is 7200877 composite?
True
Is 8527138 a composite number?
True
Is 32923343 prime?
True
Is 7189733 a composite number?
True
Is 10189259 a composite number?
False
Is 622537687 a composite number?
False
Is 17302489 a prime number?
True
Is 40692709 a prime number?
True
Is 23024609 composite?
False
Is 23261813 a composite number?
False
Is 461915 a prime number?
False
Is 6531647 a prime number?
False
Is 828161 prime?
False
Is 13816707 composite?
True
Is 2188061 a composite number?
False
Is 563999 a prime number?
True
Is 1249125353 a prime number?
False
Is 46880663 composite?
False
Is 1002340271 prime?
True
Is 54890813 a composite number?
False
Is 18207089 prime?
True
Is 20317 composite?
True
Is 25021085 a composite number?
True
Is 1414795 a composite number?
True
Is 2308061 composite?
True
Is 141728747 a prime number?
False
Is 2315539 prime?
True
Is 288369413 prime?
True
Is 9393827 a composite number?
False
Is 181449797 prime?
True
Is 200639 a prime number?
True
Is 110780309 composite?
False
Is 41041657 composite?
True
Is 14443941 a prime number?
False
Is 12525973 composite?
False
Is 63122249 a composite number?
False
Is 29994499 a composite number?
False
Is 353914127 a composite number?
True
Is 178289299 a prime number?
True
Is 53425903 a prime number?
True
Is 27658633 composite?
True
Is 1299169 prime?
True
Is 5274057 composite?
True
Is 3785269 composite?
True
Is 3077851 composite?
True
Is 28156321 composite?
False
Is 96193141 a composite number?
True
Is 14236189 prime?
False
Is 15709417 a composite number?
False
Is 698849 prime?
True
Is 498833 composite?
False
Is 33378169 prime?
False
Is 122464313 prime?
True
Is 5839397 prime?
True
Is 2226767 composite?
False
Is 1680941 a composite number?
True
Is 1889048231 prime?
False
Is 236531267 prime?
False
Is 2496265 a prime number?
False
Is 76697393 a prime number?
False
Is 36340449 a composite number?
True
Is 164461831 a prime number?
False
Is 2256721 a prime number?
True
Is 96645359 prime?
True
Is 3578891 prime?
False
Is 39898247 a composite number?
True
Is 157194143 a prime number?
True
Is 7121627 composite?
True
Is 7426381 prime?
False
Is 13211489 composite?
True
Is 1304524157 composite?
False
Is 35481541 composite?
True
Is 333360023 prime?
False
Is 2326613 a composite number?
False
Is 5331019 a prime number?
True
Is 12626722 prime?
False
Is 688